 - p + 3. What is the units digit of r(-1)?
0
Suppose 3*s - 2 + 8 = 0, 2*i = -5*s + 10. Suppose 2*x = 6*x + 20. Let g = i + x. What is the units digit of g?
5
Let q(p) = -p**3 + 6*p**2 - 3*p - 1. Let l be q(5). Suppose -3*b - l = -0*b. What is the units digit of b/((-3)/2*1)?
2
Let j(c) = 4*c**2 + 11*c - 3. Let i(s) = -2*s**2 - 6*s + 1. Let d(f) = 5*i(f) + 3*j(f). What is the units digit of d(3)?
3
Suppose 0*c + 19 = c. What is the units digit of c?
9
Let r = -12 + 157. What is the tens digit of r?
4
Let j = 19 - -6. What is the tens digit of j?
2
Let p(n) = n - 3. What is the units digit of p(8)?
5
Let x = 0 + 43. What is the units digit of x?
3
Let n be ((-2 - -5) + 1)/1. Let b = n - -12. What is the tens digit of b?
1
Suppose 4*d - 63 = 3*a, d - 3*a = 3*d - 45. Suppose 2*c - z = -4*z + d, -40 = -4*c - 5*z. What is the units digit of c?
5
Suppose 0*m + 4*m = 92. What is the tens digit of m?
2
Suppose 0 = 5*o + 5*j, 0 = 2*j + 4 - 0. Suppose 2*a + 2 = 4*k - 16, -2*a + o = k. What is the units digit of 8/4 - (-1 + a)?
4
Let r be -64*(2 - 3/2). Suppose -h + 2 = n - 3, -n = -5*h + 19. What is the units digit of (h/8)/((-2)/r)?
8
Let f be -3*1/(-4 + 3). Suppose -2*o + 5*s + 34 = -0*o, 5*s = -f*o + 26. What is the tens digit of o?
1
Let x be (-5)/(4/(-5) + 1). Let c be (-1 - 9)*1/2. What is the units digit of (6/c)/(5/x)?
6
Suppose 4*h = -2*g - 6 - 20, 28 = -4*h - 4*g. Suppose 4*k + 0*k - 44 = 0. Let o = k + h. What is the units digit of o?
5
Let n(o) = o**2 - 12*o + 2. Let j be n(10). Let q = -10 - j. What is the units digit of q?
8
Let q be (3/9)/((-2)/(-24)). Suppose q*u - 66 = -2*u. What is the tens digit of u?
1
Suppose 0*s = 5*s - 40. Let m be 4/(-16) - 14/s. Let z(c) = -c**3 - c**2 - 2*c. What is the units digit of z(m)?
8
Let n(g) = 14*g + 3. Let v be n(-3). Let r = v - -69. What is the tens digit of r?
3
Let p(w) be the first derivative of -w**2 - 3*w - 4. Suppose z = t - 2, 0 = -0*z - 2*z - t - 7. What is the units digit of p(z)?
3
What is the tens digit of (-7 - -5)/(-1*(-1)/(-26))?
5
Let o(c) = 5*c**3 - 6*c**2 + 13*c + 3. Let t(n) = -n**3 - n**2 + 1. Let m(y) = o(y) + 6*t(y). What is the units digit of m(-13)?
9
Let y be 0 - (0 - 2) - 9. Let j be 4/(-14) + (-247)/y. Suppose 0 = -5*l + 3*z + j, -3*z + 14 = 2*l - 7*z. What is the units digit of l?
7
Let j(t) = -t - 23. Let i be j(-15). Let m(c) = c**3 + 7*c**2 - 10*c + 3. What is the tens digit of m(i)?
1
Suppose -21 = -2*m + 45. Let k(s) = s**3 - 5*s**2 - 5*s - 4. Let g be k(6). Suppose 5*a - m - g = 0. What is the units digit of a?
7
Let u(x) = -x**3 - 15*x**2 + 12*x + 2. What is the units digit of u(-16)?
6
Let k(d) = d**3 + 6*d**2 + 2. Let y be k(-6). Let b(a) = -a**2 - y*a**3 + 1 - 1. What is the units digit of b(-1)?
1
What is the tens digit of (-685)/(-10) + 2/4?
6
Suppose -4*s = 2*s - 288. What is the units digit of s?
8
Let u(f) = f**3 - 3*f**2 - 2*f + 6. Let m = 7 - 3. Let l be u(m). Let n = l - 10. What is the units digit of n?
4
Let r = -87 + 144. What is the tens digit of r?
5
Let s(i) = -4*i - 1. Suppose 0 = 5*a + 5, 2*a = 5*j - 0*a + 8. Let g = j + 1. What is the units digit of s(g)?
3
Let d be 15/4 - (-9)/36. Suppose 4 = -d*x + 24. What is the units digit of x?
5
Let h = -296 + 432. What is the hundreds digit of h?
1
What is the tens digit of (-77)/(-3) + 7/21?
2
Let y(p) = -2*p + 4. Let x be y(8). Let j be (-3)/x - (-2)/(-8). Suppose j*w + w = 13. What is the units digit of w?
3
What is the units digit of (-2*(-10)/4)/(5/6)?
6
Suppose 0 = 2*r + 4*t - 28, -13 = 2*r + 3*t - 43. Suppose 2*s - 56 + r = 0. What is the tens digit of s?
1
Let m = 30 - 7. Let k be (m + -2 + -3)/(-1). What is the units digit of (k + 2)/(-1 + -1)?
8
Let k(t) = -t**2 - 25*t - 12. What is the units digit of k(-18)?
4
Let m = 58 - 34. Let x(p) = -2*p - 2. Let q be x(-2). Suppose q*n - 2*c = m, c - 42 = -5*n - 0*c. What is the units digit of n?
9
Let c(a) = a**3 + 3*a**2 - 6*a - 5. Let k be (-92)/24 + 1/(-6). Let l be c(k). Suppose 5*r - 26 = l*m, 2*r - 3*m - 2*m = 18. What is the units digit of r?
4
Suppose 0 = -6*q + 3*q. Suppose -5*l + 2*y = 12 - q, 0 = l - 3*y - 8. What is the units digit of 1 + l/((-3)/3)?
5
Suppose -k - 2*k = -4*u + 70, -59 = -3*u - k. What is the units digit of u?
9
Let k(f) = -f**2 + f - 1. Let y(j) = -2*j**2 - 6*j + 5. Let s(t) = 3*k(t) - y(t). What is the units digit of s(7)?
6
Suppose -c - 3*c + 28 = 5*i, 0 = 2*c + 2*i - 14. Let y = -13 + c. Let b = 14 + y. What is the units digit of b?
8
Suppose 3*s - 448 = -4*h - 110, h = -5*s + 76. What is the tens digit of h?
8
Let t = 68 + -28. What is the tens digit of t?
4
Let g = 7 - 2. What is the tens digit of ((-11)/g)/((-3)/15)?
1
Let h(r) = 5*r**2 + 7*r + 12. What is the units digit of h(-4)?
4
Let a(v) = 4*v**2 - 4*v + 4. What is the units digit of a(3)?
8
Let j = -27 + 44. What is the units digit of j?
7
Let k(l) = 18*l**2 - 16*l + 69. What is the tens digit of k(4)?
9
Let d(f) = 17*f - 1. What is the units digit of d(3)?
0
Suppose 3*t + 65 + 55 = 0. Let x = t + 12. Let m = x + 41. What is the units digit of m?
3
Suppose -2*o + 7 = -2*i - 17, 0 = -3*o - 2*i + 61. What is the tens digit of o?
1
Let n = 2 - -1. Suppose -3*l = -5*d - 51, 3*l - n*d - 85 = -2*l. What is the units digit of l?
7
Let f = -611 + 924. What is the units digit of f?
3
Let c(j) = j + 9. Let i be c(-6). Let h(x) be the third derivative of x**6/60 - x**5/12 + x**4/24 + x**3/2 + 2*x**2. What is the units digit of h(i)?
5
Suppose 4*g = g - 5*v + 25, -5*g - v = -5. Suppose g = 3*n + 8 + 16. Let q(i) = -i - 5. What is the units digit of q(n)?
3
Suppose -4*f + 2*f = -26. What is the units digit of f?
3
What is the tens digit of 16/(-6)*(138/(-4))/1?
9
Suppose 7*z - 917 = -168. What is the units digit of z?
7
Let y(d) = 178*d**2 + 4*d + 5. What is the units digit of y(-1)?
9
Suppose -z + 0*i = 5*i - 22, -5*z - 3*i = -22. Suppose -4*s = -4*r - 52, -z*r = 3*r - 20. What is the units digit of s?
7
Let o(a) = 5*a**3 + 3*a**2 - 7*a + 8. What is the tens digit of o(3)?
4
Suppose 0*a = -a + 9. Let j(q) = q + 13. What is the tens digit of j(a)?
2
Let v = 83 + -17. What is the units digit of v?
6
Suppose 3*g + 5*l = 41, 0 = 5*g - l - 16 - 15. Let t = g + 20. Suppose 3*m = -3 + t. What is the units digit of m?
8
Let o(c) = 2*c**2 - 3*c. What is the units digit of o(2)?
2
Let h = -2 - -6. Suppose -4*y = y - l - 47, 0 = 4*y - h*l - 44. What is the units digit of y?
9
Suppose 12 = -4*o + 2*o. Let x be -5 - 0 - (o - -5). What is the units digit of (-54)/(-15) - x/10?
4
Suppose -5*o - 1 = -w, -o + 3*w - 3 = -2*o. Suppose o = -2*m, -4*n + 6*n = m + 28. What is the units digit of n?
4
Let o(k) = -k**2 - 4*k + 2. Let w be o(-5). Let l = w + 6. Suppose 23 = l*i + 5*b, 3*i - 48 = -i + 2*b. What is the units digit of i?
1
Suppose 0 = -4*t - 3 + 11. Suppose -2*v + 3*v = -t. Let g = v + 6. What is the units digit of g?
4
Let t(i) = 2*i**3 - 2*i**2 + 3*i + 3. What is the tens digit of t(3)?
4
Suppose 6*g - 422 + 8 = 0. What is the tens digit of g?
6
Let c be (10/(-6))/(2/(-12)). Suppose 7*u - 2*u - c = 0. What is the units digit of (-124)/(-10) + u/(-5)?
2
Suppose 759 = -5*z + 79. Let n be (z/(-6))/(4/(-12)). What is the tens digit of 4/14 + n/(-7)?
1
Let y = -238 + 514. What is the hundreds digit of y?
2
Let b be -1 - 3/(3/(-5)). Let o = b + -4. Suppose o = -4*t + 7*t - 18. What is the units digit of t?
6
Let h(l) = -4*l - 2. Let j = 10 - 16. What is the tens digit of h(j)?
2
Suppose 3*r - 10 + 40 = 3*c, 4*r + 52 = 5*c. What is the units digit of c?
2
Let r = 11 - 9. Suppose -r*o - 4*b = 3*o - 188, 5*o - 5*b = 215. What is the units digit of o?
0
Let z(c) = -53*c - 1. What is the hundreds digit of z(-2)?
1
Let a = 11 - 6. Suppose d + 8 = a*d. Suppose -d*w - 4 = -20. What is the units digit of w?
8
Suppose 23*w - 19*w = 112. What is the units digit of w?
8
Let o = -100 + 160. What is the units digit of o?
0
Suppose 0*s + 3*q + 135 = 3*s, -3*s + 4*q + 135 = 0. What is the tens digit of s?
4
Let w(d) = -2*d**2 - 8*d - 2. Let b be w(-6). Let y = -10 - b. Suppose 2*l = 4*l - y. What is the units digit of l?
8
Let x = 143 - 71. What is the tens digit of x?
7
Let t(o) = -2*o - 2. Let a be t(-2). Let s(g) = -5 + 5 + 3*g - 1 - g**2 + 0. What is the units digit of s(a)?
1
Let i be 2 + (-3)/(